{"id":143,"date":"2017-06-23T19:21:09","date_gmt":"2017-06-23T17:21:09","guid":{"rendered":"http:\/\/www.alessandra.world\/?page_id=143"},"modified":"2020-05-02T17:00:41","modified_gmt":"2020-05-02T15:00:41","slug":"contact","status":"publish","type":"page","link":"https:\/\/alessandra.world\/index.php\/contact\/","title":{"rendered":"Contact"},"content":{"rendered":"<p><strong>Contactez-moi par email ou t\u00e9l\u00e9phone :<\/strong><br \/><em>Email <\/em>: <a href=\"mailto:art@alessandra.world\">art@alessandra.world<\/a><br \/><em>T\u00e9l\u00e9phone : <\/em><a href=\"tel:+41763283684\">+41 76 328 36 84<\/a><\/p>\n\n\n<p><\/p>\n","protected":false},"excerpt":{"rendered":"<p>Contactez-moi par email ou t\u00e9l\u00e9phone :Email : art@alessandra.worldT\u00e9l\u00e9phone : +41 76 328 36 84<\/p>\n","protected":false},"author":2,"featured_media":0,"parent":0,"menu_order":0,"comment_status":"closed","ping_status":"closed","template":"","meta":{"_acf_changed":false,"footnotes":""},"class_list":["post-143","page","type-page","status-publish","hentry"],"acf":[],"jetpack_sharing_enabled":true,"jetpack_shortlink":"https:\/\/wp.me\/P8Qne6-2j","jetpack-related-posts":[],"_links":{"self":[{"href":"https:\/\/alessandra.world\/index.php\/wp-json\/wp\/v2\/pages\/143","targetHints":{"allow":["GET"]}}],"collection":[{"href":"https:\/\/alessandra.world\/index.php\/wp-json\/wp\/v2\/pages"}],"about":[{"href":"https:\/\/alessandra.world\/index.php\/wp-json\/wp\/v2\/types\/page"}],"author":[{"embeddable":true,"href":"https:\/\/alessandra.world\/index.php\/wp-json\/wp\/v2\/users\/2"}],"replies":[{"embeddable":true,"href":"https:\/\/alessandra.world\/index.php\/wp-json\/wp\/v2\/comments?post=143"}],"version-history":[{"count":8,"href":"https:\/\/alessandra.world\/index.php\/wp-json\/wp\/v2\/pages\/143\/revisions"}],"predecessor-version":[{"id":531,"href":"https:\/\/alessandra.world\/index.php\/wp-json\/wp\/v2\/pages\/143\/revisions\/531"}],"wp:attachment":[{"href":"https:\/\/alessandra.world\/index.php\/wp-json\/wp\/v2\/media?parent=143"}],"curies":[{"name":"wp","href":"https:\/\/api.w.org\/{rel}","templated":true}]}}